d by 515.
376
Calculate the remainder when 1152446 is divided by 67787.
67
What is the remainder when 1829451 is divided by 609816?
3
Calculate the remainder when 14049787 is divided by 610860.
7
What is the remainder when 8887535 is divided by 46?
13
Calculate the remainder when 471757415 is divided by 1167.
1166
What is the remainder when 674016 is divided by 224584?
264
What is the remainder when 7900102 is divided by 5471?
5449
What is the remainder when 56570941 is divided by 4040781?
7
What is the remainder when 91132492 is divided by 23?
6
What is the remainder when 1493692 is divided by 497804?
280
What is the remainder when 135518504 is divided by 25359?
8
Calculate the remainder when 936588 is divided by 62.
16
Calculate the remainder when 475224 is divided by 387.
375
Calculate the remainder when 64949 is divided by 1270.
179
Calculate the remainder when 11109614 is divided by 16.
14
What is the remainder when 26974079 is divided by 5057?
41
Calculate the remainder when 803378332 is divided by 20.
12
What is the remainder when 1088460 is divided by 120918?
198
What is the remainder when 1568973 is divided by 1796?
1065
What is the remainder when 756342 is divided by 506?
378
Calculate the remainder when 217741156 is divided by 10368626.
10
What is the remainder when 13829891 is divided by 293?
291
What is the remainder when 30604323 is divided by 157?
156
Calculate the remainder when 20690269 is divided by 393.
391
Calculate the remainder when 205430 is divided by 67488.
2966
Calculate the remainder when 100656922 is divided by 319.
300
Calculate the remainder when 127753976 is divided by 28453.
6
Calculate the remainder when 1715834 is divided by 214473.
50
What is the remainder when 15391197 is divided by 207989?
11
Calculate the remainder when 4277503 is divided by 1069345.
123
Calculate the remainder when 14283345 is divided by 7486.
57
Calculate the remainder when 97462 is divided by 32469.
55
Calculate the remainder when 2415428 is divided by 325.
28
What is the remainder when 41449 is divided by 13779?
112
Calculate the remainder when 68831487 is divided by 34415737.
13
Calculate the remainder when 92049 is divided by 25.
24
Calculate the remainder when 1194644 is divided by 397811.
1211
What is the remainder when 3915506 is divided by 68?
66
Calculate the remainder when 130436 is divided by 819.
215
Calculate the remainder when 143334 is divided by 1477.
65
What is the remainder when 275990 is divided by 819?
806
Calculate the remainder when 6156136 is divided by 6825.
6811
Calculate the remainder when 3692143 is divided by 2450.
2443
What is the remainder when 4848476 is divided by 18?
14
What is the remainder when 6581459 is divided by 245?
24
Calculate the remainder when 6812819 is divided by 9.
8
What is the remainder when 5377722 is divided by 302?
8
What is the remainder when 78507 is divided by 1158?
921
What is the remainder when 3965234 is divided by 640?
434
Calculate the remainder when 5841654 is divided by 389440.
54
Calculate the remainder when 14221862 is divided by 409.
114
What is the remainder when 4361794 is divided by 354?
160
What is the remainder when 441377 is divided by 88142?
667
What is the remainder when 4221730 is divided by 243?
91
Calculate the remainder when 2066116 is divided by 94.
90
What is the remainder when 90235 is divided by 87580?
2655
Calculate the remainder when 8616310 is divided by 1757.
1739
Calculate the remainder when 183013 is divided by 59759.
3736
What is the remainder when 241087211 is divided by 80362398?
17
What is the remainder when 263691 is divided by 131817?
57
Calculate the remainder when 1457676 is divided by 44.
0
What is the remainder when 8262264 is divided by 3473?
3470
What is the remainder when 1638019 is divided by 393?
388
Calculate the remainder when 10467 is divided by 4629.
1209
Calculate the remainder when 65938 is divided by 6506.
878
What is the remainder when 12564371 is divided by 653?
651
Calculate the remainder when 1382613 is divided by 11149.
137
Calculate the remainder when 2564 is divided by 2425.
139
Calculate the remainder when 3012902 is divided by 7.
4
What is the remainder when 1216821 is divided by 5481?
39
Calculate the remainder when 1264527 is divided by 95.
77
Calculate the remainder when 92947 is divided by 709.
68
What is the remainder when 10126816 is divided by 1521?
1519
What is the remainder when 4102473 is divided by 341872?
9
Calculate the remainder when 32869 is divided by 32296.
573
What is the remainder when 2023225 is divided by 597?
589
Calculate the remainder when 24287390 is divided by 74.
72
Calculate the remainder when 613785 is divided by 439.
63
What is the remainder when 2214804 is divided by 13?
7
Calculate the remainder when 389761 is divided by 429.
229
Calculate the remainder when 14885665 is divided by 39.
28
Calculate the remainder when 370033 is divided by 1261.
560
What is the remainder when 6635694 is divided by 59246?
142
Calculate the remainder when 3878349 is divided by 562.
549
What is the remainder when 136120 is divided by 702?
634
What is the remainder when 32193029 is divided by 29562?
11
Calculate the remainder when 1761 is divided by 26.
19
Calculate the remainder when 821639 is divided by 246.
245
What is the remainder when 930530 is divided by 465057?
416
What is the remainder when 71913 is divided by 533?
491
What is the remainder when 43584815 is divided by 74?
73
Calculate the remainder when 212778 is divided by 42545.
53
Calculate the remainder when 37479 is divided by 454.
251
Calculate the remainder when 198143 is divided by 622.
347
What is the remainder when 216769 is divided by 56?
49
Calculate the remainder when 23991 is divided by 352.
55
What is the remainder when 554689 is divided by 320?
129
What is the remainder when 2975145 is divided by 123963?
33
What is the remainder when 809619 is divided by 367?
17
What is the remainder when 76693 is divided by 2577?
1960
What is the remainder when 622618 is divided by 12213?
11968
Calculate the remainder when 189466 is divided by 298.
236
What is the remainder when 10580 is divided by 1615?
890
Calculate the remainder when 284845 is divided by 1260.
85
Calculate the remainder when 3292577 is divided by 3292562.
15
Calculate the remainder when 310065 is divided by 12373.
740
What is the remainder when 431138 is divided by 3623?
1
What is the remainder when 15278650 is divided by 20?
10
Calculate the remainder when 2597088 is divided by 61.
13
Calculate the remainder when 7858442 is divided by 11729.
12
Calculate the remainder when 146217 is divided by 20885.
22
What is the remainder when 103188 is divided by 4294?
132
What is the remainder when 244043 is divided by 13883?
8032
What is the remainder when 45301 is divided by 59?
48
What is the remainder when 669869 is divided by 298?
263
Calculate the remainder when 32997960 is divided by 2105.
2085
Calculate the remainder when 8728928 is divided by 333.
332
What is the remainder when 24937 is divided by 633?
250
Calculate the remainder when 993 is divided by 469.
55
Calculate the remainder when 51752506 is divided by 162.
148
Calculate the remainder when 9232776 is divided by 51.
42
What is the remainder when 90925 is divided by 28923?
4156
Calculate the remainder when 229341 is divided by 126.
21
Calculate the remainder when 644890 is divided by 14525.
5790
Calculate the remainder when 4813054 is divided by 65.
64
Calculate the remainder when 239158 is divided by 79063.
1969
Calculate the remainder when 5886785 is divided by 35895.
5
Calculate the remainder when 12998557 is divided by 207.
199
Calculate the remainder when 62570216 is divided by 20856733.
17
What is the remainder when 8758844 is divided by 336?
332
What is the remainder when 243807 is divided by 913?
36
Calculate the remainder when 38171 is divided by 3056.
1499
What is the remainder when 19493378 is divided by 6497766?
80
Calculate the remainder when 4531372 is divided by 184.
4
Calculate the remainder when 678369 is divided by 285.
69
What is the remainder when 20954 is divided by 3024?
2810
Calculate the remainder when 2209897 is divided by 116310.
7
What is the remainder when 24234303 is divided by 26256?
15
Calculate